t w = -10 + v. What is the tens digit of w?
1
Suppose 0 = 2*r + 4*p - 18, 2*r - 5 = 2*p + 1. Suppose z + 5 + 4 = w, r*w - 85 = -5*z. What is the units digit of w?
3
Suppose 4*n + 0 = -8, 4*n + 14 = 2*y. Suppose s - y*t - t = 2, 4*s - 78 = 2*t. What is the units digit of s?
2
Let u(v) = 3*v**2 - 1. Let h be u(-1). Suppose -k = h*k + 5*t - 14, -2*k + 51 = -5*t. What is the units digit of k?
3
Suppose -206 = -4*s + 3*z - 4*z, -3*z + 6 = 0. What is the tens digit of s?
5
Suppose -l + 196 = 2*v, -2*l - 3*v - 70 + 460 = 0. What is the units digit of l?
2
Let m be (-170)/(-45) + 4/18. Suppose -j - 5 = -2*w, 5 + 0 = m*w - 3*j. What is the units digit of w?
5
Let k be (-1)/(-3)*3 + 3. Suppose -k*v + 3*v + 3*i = -40, 5*v + 4*i - 200 = 0. Suppose y - v = -4*y. What is the units digit of y?
8
Let k(w) = 6*w - 4. Let f = 12 + -8. What is the units digit of k(f)?
0
Suppose 21 = -5*v + 76. What is the units digit of v?
1
Let n be 28/(-5) - (-4)/(-10). Suppose -20 = 4*g + g. Let y = g - n. What is the units digit of y?
2
Let t(k) = -k**3 + 7*k**2 - 6*k + 2. Let j be t(6). Suppose -i - 4*l = -12, 35 = 2*i + 2*i + 3*l. Suppose j*s + i = 4*s. What is the units digit of s?
4
What is the units digit of (-12)/(-4) + 20 + 2?
5
Let k = 152 - 27. What is the units digit of k?
5
Let x(h) = h**3 + 5*h**2 + 3*h - 2. Let y be x(-4). Suppose 0 = -4*v + f + 21, 4*v = y*v - 3*f + 21. What is the units digit of v?
6
Let d(j) = -j**3 - 6*j**2 - 2*j + 2. Let b be d(-6). What is the units digit of (4/b)/(2/14)?
2
Let o(j) = -35*j + 1. Let a be o(1). Let t = a + 66. What is the units digit of t?
2
Let t(i) = 17*i**2. Let p be t(1). Suppose h = -0*h - 2*x + p, -3*h - 2*x + 47 = 0. Suppose 2*a - 5*a + h = 0. What is the units digit of a?
5
Let v be (-2)/8 + (-23)/4. Let f = v - -18. Suppose 36 = 2*t + 4*q, 0*q = 2*t - 4*q - f. What is the tens digit of t?
1
Let u(a) = 1. Let h(p) = -p**3 + 3*p**2 + 6*p + 10. Let w(m) = -h(m) + 4*u(m). What is the tens digit of w(5)?
1
Suppose -7 = -h - 3. Suppose 3*s + h*l + 41 = -24, 4*s + 96 = 4*l. Let d = -13 - s. What is the tens digit of d?
1
Suppose 32 + 0 = f. What is the tens digit of f?
3
Let a(s) be the second derivative of -s**3 - 2*s**2 + 5*s. What is the units digit of a(-9)?
0
Let c = -39 + 88. What is the units digit of c?
9
Suppose 5*u - 493 = -68. What is the units digit of u?
5
Let u(s) = -s**3 - 4*s**2 + 7*s. What is the units digit of u(-6)?
0
Let y = 40 + -8. What is the units digit of y?
2
What is the units digit of 10/2 + 5/(-10)*8?
1
Suppose -5*a + 4 = 2*o - 1, -5*a - 3*o = -5. Let r = 0 + a. What is the units digit of r?
1
Let w be (0 - 1 - -1)/2. Suppose w = -2*n - 3*n - 45. Let g = n + 24. What is the tens digit of g?
1
What is the units digit of (-5)/(-1) + -10 - -117?
2
Suppose -x = 5*t + 2, 2*x = -2*x - 5*t + 37. Let q = 7 - x. What is the units digit of (-40)/q - (-5)/15?
7
Suppose 7*q + 30 = 2*q. Let b = q + -9. Let y = -4 - b. What is the units digit of y?
1
Suppose -3*t = 2*t - 330. What is the tens digit of t?
6
Let l(s) = -s + 1 + 2 - 8. Let c be l(-5). Suppose c*k = -3*k - 12, 4*v = -2*k + 44. What is the tens digit of v?
1
Let p(c) = -c + 46. What is the units digit of p(11)?
5
Let h = -11 - -21. Suppose 3*q - h = -2*j + 7, -4 = 2*j - 4*q. What is the units digit of j?
4
Suppose -5*o - 3 = 3*v, 5*v - 17 - 15 = 4*o. Let u = o + 5. Suppose -u*l - l = -12. What is the units digit of l?
4
Let p be (-4)/(-3)*(-6)/(-2). Let a be -1*-4*(-6)/(-2). What is the units digit of p/14 + a/7?
2
Let t(g) = -7*g - 8. What is the tens digit of t(-6)?
3
Suppose -k - 345 = -3*a, -4*k - 87 = 3*a - 447. What is the hundreds digit of a?
1
Suppose 2*x + x = 3. Let u = x - -8. What is the units digit of u?
9
Suppose 4*l - p - p - 18 = 0, -4*l - 4*p = 12. Let j = l + 3. Suppose 13 = -3*o - 5*h, -j*h + h = o + 16. What is the units digit of o?
4
Let g = -1 - 0. Let q = 0 - g. What is the units digit of q?
1
Suppose -t - 2*s - 2 = -8, 6 = 2*s. Let p(o) be the second derivative of o**3/6 + 6*o**2 + 3*o. What is the tens digit of p(t)?
1
Suppose 5*d - 4*i = 80, -i + 0 - 5 = 0. Let m = d + -6. Suppose 0 = 3*q - m - 18. What is the units digit of q?
8
Let u be (-9)/(-54) - 266/12. Let x be (-512)/(-88) - 4/u. Let i = 19 - x. What is the units digit of i?
3
Suppose -z + 105 + 40 = 0. Suppose 3*g = i - 29, 0*g + g - z = -5*i. What is the tens digit of i?
2
Suppose 4*b - 141 + 37 = 0. Suppose -2*k + 4*k = b. What is the tens digit of k?
1
Suppose 5*n + 18 = -352. Let b = 105 + n. What is the tens digit of b?
3
Let b(t) = -5*t**2 + 6*t + 27. Let o(f) = -11*f**2 + 13*f + 55. Let g(y) = 13*b(y) - 6*o(y). What is the units digit of g(0)?
1
Suppose -4*p + 6*p - 402 = 0. What is the hundreds digit of p?
2
Let d = -24 - -16. Let i = 8 + d. Suppose i = 3*n - 2*n - 2. What is the units digit of n?
2
What is the units digit of (7 + 0)*(0 - -2)?
4
Let q(z) = 5*z + 5. What is the tens digit of q(7)?
4
Let s(c) = -5*c + 5. What is the tens digit of s(-17)?
9
What is the hundreds digit of 2376/10 + (-12)/210*-7?
2
Suppose 0 = -2*j - 2*j + 16. Let w(b) = 2*b + 4*b**3 - 5*b**3 + 5*b**2 + 2*b - 5 - 5*b. What is the units digit of w(j)?
7
Suppose 0 = -2*k + 4*k - 4. Suppose 4 = 3*i - k. What is the units digit of (i/2)/((-2)/(-10))?
5
Let l(v) = 2*v**2 - 9*v + 28. What is the tens digit of l(8)?
8
Let q = -13 - -27. What is the tens digit of q?
1
Let w be 1*-5*(-2)/2. Suppose w*x = x + 36. Suppose 3*k + z = -0*k + x, 2*k + 3*z + 1 = 0. What is the units digit of k?
4
What is the tens digit of (-2)/((-4)/118) - (7 - 10)?
6
Suppose -i - 180 = -0*i. What is the tens digit of (-2 - -1) + i/(-6)?
2
Let z = -1 - -3. Suppose -w + 2*h + 27 = z, -3*w + 67 = 2*h. What is the tens digit of w?
2
Suppose 0 = 3*q + 5*q - 448. What is the tens digit of q?
5
Suppose 2*d + 75 = 5*d - 2*v, 2*d - 5*v = 39. What is the units digit of d?
7
Let l(m) be the third derivative of m**5/30 - m**4/12 - 3*m**2. What is the units digit of l(2)?
4
Suppose -12 + 64 = 2*y. What is the tens digit of y?
2
Let l(r) = r**3 + 4*r**2 + 3*r + 1. Let x(a) = -a**3 + 7*a**2 - 3. Let p(v) = v + 13. Let o be p(-6). Let d be x(o). What is the units digit of l(d)?
1
What is the tens digit of 9/3 - 105/(-7)?
1
Suppose -5*w = -n + 4*n + 5, 11 = -2*w - 3*n. What is the units digit of w?
2
Let t(v) = 8*v - 24. What is the units digit of t(12)?
2
Let o be (-1)/((6/4)/(-3)). What is the units digit of (5/2)/(1/o)?
5
Let f(r) = -r**2 + 2*r + 5. Let l be f(4). What is the tens digit of (-37)/l + 2/3?
1
What is the tens digit of (97/2)/((-8)/(-16))?
9
Suppose 0*c - 3*c = 12, -3*a + 7 = 2*c. Suppose 0 = -3*g + a*g. Suppose -4*s + 8 = -g*s. What is the units digit of s?
2
Let g = -12 - -7. Let b = g + 11. Suppose -u = -b - 6. What is the tens digit of u?
1
Let w(p) = -p**2 - 11*p - 12. Let n be w(-8). What is the units digit of 129/18 - 2/n?
7
Let u = -17 + 13. What is the tens digit of ((-6)/u)/(15/260)?
2
Let o be 31/(-5) + (-4)/(-20). What is the units digit of (-4)/(-2)*(-21)/o?
7
What is the units digit of ((-1 - -1) + -1)/((-1)/198)?
8
Suppose 0*g - 3*g + 461 = 4*o, -5*g = o - 740. Suppose 5*d = 8*d - g. What is the tens digit of d?
4
Let q(g) = 4*g + 11. Let m be q(-7). Let h = -10 - m. What is the units digit of h?
7
Let m(y) = -y**2 - y + 1. Let r be m(0). Let c be -4*r + 0 + -1. Let d(p) = -p**2 - 7*p - 7. What is the units digit of d(c)?
3
Let x = -143 + 589. What is the units digit of x?
6
Let c(g) = 5*g - 1. Let y(t) = -t**2 + t - 1. Let l(b) = c(b) + y(b). Let o be l(6). What is the units digit of 3 + o + 0 + 5?
6
What is the hundreds digit of (130 - 3 - (-1 + 4))*3?
3
Suppose 2*j + 0*j - 32 = 0. What is the units digit of j?
6
Suppose -v + 5*y = -29, -2 = 3*v - 3*y - 89. What is the units digit of v?
9
Suppose -2*x - 26 = -4*f - 10, -4*x + 28 = 2*f. What is the units digit of f?
6
Let s = -26 - -18. What is the units digit of s/(-4)*30/4?
5
What is the units digit of (0 - 4) + (-1624)/(-7)?
8
Let u = -11 + 17. What is the units digit of u?
6
Let i = 10 + -6. Let g be 2/7 - 19/(-7). Suppose g*r = 4*h + 2, -2*r + i*r = -4*h + 28. What is the units digit of r?
6
Let s = 31 + -10. What is the units digit of s?
1
Suppose -9 = c - 4*c. Suppose -c*w + w + 2*s - 6 = 0, -3*w + 2*s = 4. Suppose -w*m = -3*m + 3.